ate the remainder when 4610648 is divided by 708.
152
Calculate the remainder when 482531 is divided by 239.
229
Calculate the remainder when 623707 is divided by 13.
6
What is the remainder when 32043 is divided by 1145?
1128
Calculate the remainder when 71295 is divided by 3111.
2853
What is the remainder when 42542 is divided by 484?
434
What is the remainder when 937659 is divided by 234413?
7
What is the remainder when 777879 is divided by 2167?
2093
Calculate the remainder when 390045 is divided by 303.
84
What is the remainder when 31691923 is divided by 32?
19
What is the remainder when 3293039 is divided by 26992?
15
What is the remainder when 3687 is divided by 1497?
693
Calculate the remainder when 2800563 is divided by 18667.
513
What is the remainder when 867118 is divided by 17695?
63
Calculate the remainder when 2493053 is divided by 748.
717
What is the remainder when 14426944 is divided by 254?
252
Calculate the remainder when 1822990 is divided by 2155.
2015
Calculate the remainder when 205513487 is divided by 11237.
11231
Calculate the remainder when 83566908 is divided by 41783447.
14
Calculate the remainder when 656067 is divided by 4896.
3
Calculate the remainder when 3331320 is divided by 20691.
69
Calculate the remainder when 108355 is divided by 172.
167
Calculate the remainder when 1540286 is divided by 491.
19
What is the remainder when 805476 is divided by 4914?
4494
What is the remainder when 9740899 is divided by 9740889?
10
What is the remainder when 40469 is divided by 13394?
287
What is the remainder when 1507975 is divided by 251318?
67
Calculate the remainder when 70134726 is divided by 8812.
18
What is the remainder when 1397 is divided by 1126?
271
What is the remainder when 10183188 is divided by 196?
8
What is the remainder when 3872180 is divided by 206?
204
What is the remainder when 5341834 is divided by 2670912?
10
Calculate the remainder when 39134480 is divided by 169.
164
Calculate the remainder when 118001699 is divided by 239.
229
Calculate the remainder when 1020860 is divided by 3369.
53
What is the remainder when 4679 is divided by 4042?
637
What is the remainder when 28912772 is divided by 57253?
7
Calculate the remainder when 217682 is divided by 1809.
602
Calculate the remainder when 16950125 is divided by 71.
11
What is the remainder when 719590 is divided by 13?
1
What is the remainder when 87716 is divided by 1660?
1396
What is the remainder when 55470 is divided by 53118?
2352
Calculate the remainder when 9030547 is divided by 24.
19
What is the remainder when 1513552 is divided by 302687?
117
Calculate the remainder when 1580911 is divided by 225839.
38
What is the remainder when 88661606 is divided by 6126?
8
What is the remainder when 56039 is divided by 41144?
14895
Calculate the remainder when 2698234 is divided by 26.
6
Calculate the remainder when 535188 is divided by 3994.
3986
Calculate the remainder when 80458 is divided by 106.
4
What is the remainder when 17731139 is divided by 8865553?
33
Calculate the remainder when 1901557 is divided by 33956.
21
What is the remainder when 34567 is divided by 4942?
4915
Calculate the remainder when 40067 is divided by 38253.
1814
Calculate the remainder when 98865 is divided by 74.
1
What is the remainder when 3867892 is divided by 6121?
5541
Calculate the remainder when 187032 is divided by 1127.
1077
Calculate the remainder when 4837981 is divided by 41.
22
What is the remainder when 6105157 is divided by 4729?
18
What is the remainder when 13227784 is divided by 220463?
4
What is the remainder when 539198 is divided by 269314?
570
What is the remainder when 99314 is divided by 93187?
6127
Calculate the remainder when 277706 is divided by 810.
686
What is the remainder when 489426 is divided by 3679?
119
Calculate the remainder when 212565345 is divided by 13.
5
Calculate the remainder when 123555038 is divided by 280.
278
Calculate the remainder when 92303 is divided by 91752.
551
What is the remainder when 14613923 is divided by 9659?
9515
What is the remainder when 594236 is divided by 27009?
38
What is the remainder when 22693720 is divided by 709178?
24
Calculate the remainder when 1149336 is divided by 71808.
408
What is the remainder when 311845 is divided by 3465?
3460
What is the remainder when 20309 is divided by 591?
215
Calculate the remainder when 8605790 is divided by 180.
170
What is the remainder when 1931571 is divided by 87795?
81
What is the remainder when 1348854 is divided by 2958?
6
Calculate the remainder when 150667 is divided by 147514.
3153
What is the remainder when 254085575 is divided by 3069?
3065
Calculate the remainder when 15622693 is divided by 1183.
1178
What is the remainder when 816451 is divided by 408213?
25
Calculate the remainder when 24755342 is divided by 254.
248
What is the remainder when 9211924 is divided by 383830?
4
What is the remainder when 792668 is divided by 9503?
3919
Calculate the remainder when 336974399 is divided by 1050.
1049
What is the remainder when 14111570 is divided by 352789?
10
What is the remainder when 382644 is divided by 27072?
3636
Calculate the remainder when 810890 is divided by 115261.
4063
Calculate the remainder when 1294004 is divided by 235.
94
Calculate the remainder when 823773 is divided by 274571.
60
What is the remainder when 336785111 is divided by 6334?
6331
What is the remainder when 12692996 is divided by 479?
454
What is the remainder when 1155016 is divided by 3024?
2872
What is the remainder when 565585 is divided by 17672?
81
What is the remainder when 29991 is divided by 2764?
2351
What is the remainder when 42269 is divided by 192?
29
What is the remainder when 16069 is divided by 607?
287
Calculate the remainder when 73948 is divided by 756.
616
Calculate the remainder when 855772 is divided by 4114.
60
Calculate the remainder when 37889877 is divided by 28.
25
What is the remainder when 142888 is divided by 2384?
2232
Calculate the remainder when 15655320 is divided by 313.
312
What is the remainder when 4033877 is divided by 2?
1
Calculate the remainder when 24548125 is divided by 5425.
0
What is the remainder when 4170029 is divided by 5?
4
What is the remainder when 292493388 is divided by 79?
75
Calculate the remainder when 58613327 is divided by 3667.
3666
Calculate the remainder when 218442 is divided by 2374.
34
Calculate the remainder when 14954 is divided by 813.
320
Calculate the remainder when 72493714 is divided by 53.
49
What is the remainder when 1273192 is divided by 29608?
48
What is the remainder when 19227413 is divided by 70173?
11
Calculate the remainder when 1425910 is divided by 170.
120
What is the remainder when 35933094 is divided by 8983268?
22
What is the remainder when 506482390 is divided by 104?
102
Calculate the remainder when 13452344 is divided by 129349.
48
What is the remainder when 248 is divided by 73?
29
Calculate the remainder when 269349 is divided by 1897.
1872
Calculate the remainder when 25279496 is divided by 94.
76
Calculate the remainder when 4314893 is divided by 307.
8
Calculate the remainder when 514589 is divided by 217.
82
Calculate the remainder when 3444269 is divided by 116.
113
What is the remainder when 98282 is divided by 5170?
52
Calculate the remainder when 38243638 is divided by 418.
400
What is the remainder when 1154098 is divided by 1477?
561
What is the remainder when 112109056 is divided by 13?
7
What is the remainder when 314978 is divided by 1667?
1582
Calculate the remainder when 218849 is divided by 149.
117
Calculate the remainder when 2420487 is divided by 2808.
2799
What is the remainder when 1769189 is divided by 404?
73
What is the remainder when 3196666 is divided by 355178?
64
What is the remainder when 21023964 is divided by 404307?
0
What is the remainder when 316142 is divided by 717?
662
Calculate the remainder when 576028 is divided by 1239.
1132
Calculate the remainder when 271670 is divided by 135166.
1338
What is the remainder when 302281 is divided by 3778?
41
Calculate the remainder when 6444342 is divided by 3491.
3447
What is the remainder when 679502 is divided by 226456?
134
What is the remainder when 3621 is divided by 210?
51
What is the remainde